{"id":82,"date":"2022-03-01T16:30:04","date_gmt":"2022-03-01T15:30:04","guid":{"rendered":"https:\/\/marinaport.hu\/app\/?page_id=82"},"modified":"2025-07-15T10:40:49","modified_gmt":"2025-07-15T09:40:49","slug":"nadas-grill","status":"publish","type":"page","link":"https:\/\/marinaport.hu\/app\/nadas-grill\/","title":{"rendered":"N\u00e1das grill"},"content":{"rendered":"\n<p><\/p>\n\n\n\n<div class=\"wp-block-columns are-vertically-aligned-top is-layout-flex wp-container-core-columns-is-layout-28f84493 wp-block-columns-is-layout-flex\">\n<div class=\"wp-block-column is-vertically-aligned-top is-layout-flow wp-block-column-is-layout-flow\" style=\"flex-basis:100%\">\n<div class=\"wp-block-group alignwide has-text-color is-layout-flow wp-block-group-is-layout-flow\" style=\"color:#010334\">\n<div class=\"wp-block-group is-layout-flow wp-container-core-group-is-layout-47e5a185 wp-block-group-is-layout-flow\">\n<div class=\"wp-block-columns is-layout-flex wp-container-core-columns-is-layout-28f84493 wp-block-columns-is-layout-flex\">\n<div class=\"wp-block-column is-vertically-aligned-bottom is-layout-flow wp-block-column-is-layout-flow\" style=\"padding-top:0px;padding-right:0px;padding-bottom:0px;padding-left:0px\">\n<figure class=\"wp-block-image size-full is-resized has-custom-border\"><img loading=\"lazy\" decoding=\"async\" width=\"480\" height=\"560\" src=\"https:\/\/marinaport.hu\/app\/wp-content\/uploads\/2025\/07\/480x560-app-Nadas.jpg\" alt=\"\" class=\"wp-image-18321\" style=\"border-radius:0px;width:650px;height:auto\"\/><\/figure>\n\n\n\n<p><\/p>\n\n\n\n<h4 class=\"wp-block-heading has-text-color\" style=\"color:#bda55e;margin-top:0px;margin-right:0px;margin-bottom:0px;margin-left:0px;font-size:1.5rem\"><strong>N\u00e1das Grill<\/strong><\/h4>\n\n\n\n<p class=\"has-custom-szurke-color has-text-color has-small-font-size\">A sz\u00e1lloda \u00e9s a kik\u00f6t\u0151 k\u00f6z\u00f6tti parkban fekv\u0151, szabadt\u00e9ri, balatoni panor\u00e1m\u00e1s \u00e9tterem magyaros \u00e9teleket, olasz t\u00e9szt\u00e1kat, pizz\u00e1kat, finom desszerteket k\u00edn\u00e1l. Rossz id\u0151 eset\u00e9n a hotel \u00e9tterm\u00e9ben folytatjuk a felszolg\u00e1l\u00e1st.<\/p>\n\n\n\n<p class=\"has-text-color has-link-color has-small-font-size wp-elements-d29353e2a706c7966bc3c111be7d1028\" style=\"color:#929698\">N\u00e1das Grill: <a href=\"tel: 06 30 119 4002\">06 30 119 4002<\/a><\/p>\n\n\n\n<div class=\"wp-block-buttons is-content-justification-center is-layout-flex wp-container-core-buttons-is-layout-a89b3969 wp-block-buttons-is-layout-flex\">\n<div class=\"wp-block-button is-style-outline is-style-outline--1\"><a class=\"wp-block-button__link has-background-background-color has-text-color has-background wp-element-button\" href=\"https:\/\/marinaport.hu\/app\/nadas-menu\/\" style=\"border-radius:10px;color:#15b0b9\">\u00c9tlap, itallap<\/a><\/div>\n<\/div>\n<\/div>\n<\/div>\n<\/div>\n<\/div>\n<\/div>\n<\/div>\n\n\n\n<p><\/p>\n\n\n\n<figure class=\"wp-block-image size-full\"><img loading=\"lazy\" decoding=\"async\" width=\"6192\" height=\"4128\" src=\"https:\/\/marinaport.hu\/app\/wp-content\/uploads\/2023\/07\/0230504_GLZ_2754-1.jpg\" alt=\"\" class=\"wp-image-7634\"\/><\/figure>\n\n\n\n<p><\/p>\n\n\n\n<figure class=\"wp-block-image size-full is-resized\"><img loading=\"lazy\" decoding=\"async\" width=\"480\" height=\"560\" src=\"https:\/\/marinaport.hu\/app\/wp-content\/uploads\/2025\/07\/480x560-app-Nadas-1.jpg\" alt=\"\" class=\"wp-image-18323\" style=\"width:650px;height:auto\"\/><\/figure>\n\n\n\n<p><\/p>\n\n\n\n<p><\/p>\n","protected":false},"excerpt":{"rendered":"<p>N\u00e1das Grill A sz\u00e1lloda \u00e9s a kik\u00f6t\u0151 k\u00f6z\u00f6tti parkban fekv\u0151, szabadt\u00e9ri, balatoni panor\u00e1m\u00e1s \u00e9tterem magyaros \u00e9teleket, olasz t\u00e9szt\u00e1kat, pizz\u00e1kat, finom desszerteket k\u00edn\u00e1l. Rossz id\u0151 eset\u00e9n a hotel \u00e9tterm\u00e9ben folytatjuk a felszolg\u00e1l\u00e1st. N\u00e1das Grill: 06 30 119 4002<\/p>\n","protected":false},"author":2,"featured_media":0,"parent":0,"menu_order":0,"comment_status":"closed","ping_status":"closed","template":"blank","meta":{"footnotes":""},"class_list":["post-82","page","type-page","status-publish","hentry"],"acf":[],"_links":{"self":[{"href":"https:\/\/marinaport.hu\/app\/wp-json\/wp\/v2\/pages\/82","targetHints":{"allow":["GET"]}}],"collection":[{"href":"https:\/\/marinaport.hu\/app\/wp-json\/wp\/v2\/pages"}],"about":[{"href":"https:\/\/marinaport.hu\/app\/wp-json\/wp\/v2\/types\/page"}],"author":[{"embeddable":true,"href":"https:\/\/marinaport.hu\/app\/wp-json\/wp\/v2\/users\/2"}],"replies":[{"embeddable":true,"href":"https:\/\/marinaport.hu\/app\/wp-json\/wp\/v2\/comments?post=82"}],"version-history":[{"count":23,"href":"https:\/\/marinaport.hu\/app\/wp-json\/wp\/v2\/pages\/82\/revisions"}],"predecessor-version":[{"id":18343,"href":"https:\/\/marinaport.hu\/app\/wp-json\/wp\/v2\/pages\/82\/revisions\/18343"}],"wp:attachment":[{"href":"https:\/\/marinaport.hu\/app\/wp-json\/wp\/v2\/media?parent=82"}],"curies":[{"name":"wp","href":"https:\/\/api.w.org\/{rel}","templated":true}]}}